{"id":299,"date":"2020-09-21T18:32:41","date_gmt":"2020-09-21T18:32:41","guid":{"rendered":"http:\/\/blaskapelle-reelsen.de\/?page_id=299"},"modified":"2020-12-30T15:05:19","modified_gmt":"2020-12-30T14:05:19","slug":"historie","status":"publish","type":"page","link":"https:\/\/blaskapelle-reelsen.de\/index.php\/historie\/","title":{"rendered":"Historie"},"content":{"rendered":"\n<figure class=\"wp-block-pullquote\"><blockquote><p>Historie der Blaskapelle Reelsen<\/p><\/blockquote><\/figure>\n\n\n\n<p><\/p>\n\n\n\n<p>Wie jeder Verein ist auch die Blaskapelle Reelsen aus einer Historie heraus gewachsen.<\/p>\n\n\n\n<p>Entscheidend f\u00fcr einen Verein sind die Menschen, die sich in ihm engangieren und wohlf\u00fchlen.<\/p>\n\n\n\n<p>So ist auch die Blaskapelle Reelsen gepr\u00e4gt von einer Gr\u00fcndungsidee und 12 mutigen Leuten, die den Verein 1975 gegr\u00fcndet haben. Zahlreiche interessante und am\u00fcsante Informationen dazu haben wir in der <a href=\"https:\/\/blaskapelle-reelsen.de\/index.php\/vereinshistorie\/\">Vereinshistorie <\/a>zusammengetragen.<\/p>\n\n\n\n<p>Entscheidend f\u00fcr einen Verein sind neben engangierten Mitgliedern und tatkr\u00e4ftigen <a href=\"https:\/\/blaskapelle-reelsen.de\/index.php\/vorstaende\/\">Vorst\u00e4nden <\/a>die <a href=\"https:\/\/blaskapelle-reelsen.de\/index.php\/dirigentinnen-und-dirigenten\/\">Dirigentinnen und Dirigenten,<\/a> die den Zweck des Vereins, gute Musik zu machen und Menschen damit zu erfreuen, vorangetrieben haben und immer noch pr\u00e4gen.<\/p>\n\n\n\n<p>Nicht vergessen wollen wir unsere <a href=\"https:\/\/blaskapelle-reelsen.de\/index.php\/verstorbene\/\">verstorbenen Mitglieder<\/a>, die stets Einsatz f\u00fcr diesen Verein gezeigt haben und deren Andenken wir ehren.<\/p>\n","protected":false},"excerpt":{"rendered":"<p>Historie der Blaskapelle Reelsen Wie jeder Verein ist auch die Blaskapelle Reelsen aus einer Historie heraus gewachsen. Entscheidend f\u00fcr einen Verein sind die Menschen, die sich in ihm engangieren und wohlf\u00fchlen. So ist auch die Blaskapelle Reelsen gepr\u00e4gt von einer Gr\u00fcndungsidee und 12 mutigen Leuten, die den Verein 1975 gegr\u00fcndet haben. Zahlreiche interessante und am\u00fcsante &hellip; <\/p>\n<p class=\"link-more\"><a href=\"https:\/\/blaskapelle-reelsen.de\/index.php\/historie\/\" class=\"more-link\"><span class=\"screen-reader-text\">\u201eHistorie\u201c <\/span>weiterlesen<\/a><\/p>\n","protected":false},"author":1,"featured_media":0,"parent":0,"menu_order":0,"comment_status":"closed","ping_status":"closed","template":"","meta":{"footnotes":""},"class_list":["post-299","page","type-page","status-publish","hentry"],"yoast_head":"<!-- This site is optimized with the Yoast SEO plugin v27.5 - https:\/\/yoast.com\/product\/yoast-seo-wordpress\/ -->\n<title>Historie - Blaskapelle Reelsen e.V.<\/title>\n<meta name=\"robots\" content=\"index, follow, max-snippet:-1, max-image-preview:large, max-video-preview:-1\" \/>\n<link rel=\"canonical\" href=\"https:\/\/blaskapelle-reelsen.de\/index.php\/historie\/\" \/>\n<meta property=\"og:locale\" content=\"de_DE\" \/>\n<meta property=\"og:type\" content=\"article\" \/>\n<meta property=\"og:title\" content=\"Historie - Blaskapelle Reelsen e.V.\" \/>\n<meta property=\"og:description\" content=\"Historie der Blaskapelle Reelsen Wie jeder Verein ist auch die Blaskapelle Reelsen aus einer Historie heraus gewachsen. Entscheidend f\u00fcr einen Verein sind die Menschen, die sich in ihm engangieren und wohlf\u00fchlen. So ist auch die Blaskapelle Reelsen gepr\u00e4gt von einer Gr\u00fcndungsidee und 12 mutigen Leuten, die den Verein 1975 gegr\u00fcndet haben. Zahlreiche interessante und am\u00fcsante &hellip; \u201eHistorie\u201c weiterlesen\" \/>\n<meta property=\"og:url\" content=\"https:\/\/blaskapelle-reelsen.de\/index.php\/historie\/\" \/>\n<meta property=\"og:site_name\" content=\"Blaskapelle Reelsen e.V.\" \/>\n<meta property=\"article:modified_time\" content=\"2020-12-30T14:05:19+00:00\" \/>\n<meta name=\"twitter:card\" content=\"summary_large_image\" \/>\n<meta name=\"twitter:label1\" content=\"Gesch\u00e4tzte Lesezeit\" \/>\n\t<meta name=\"twitter:data1\" content=\"1\u00a0Minute\" \/>\n<script type=\"application\/ld+json\" class=\"yoast-schema-graph\">{\"@context\":\"https:\\\/\\\/schema.org\",\"@graph\":[{\"@type\":\"WebPage\",\"@id\":\"https:\\\/\\\/blaskapelle-reelsen.de\\\/index.php\\\/historie\\\/\",\"url\":\"https:\\\/\\\/blaskapelle-reelsen.de\\\/index.php\\\/historie\\\/\",\"name\":\"Historie - Blaskapelle Reelsen e.V.\",\"isPartOf\":{\"@id\":\"https:\\\/\\\/blaskapelle-reelsen.de\\\/#website\"},\"datePublished\":\"2020-09-21T18:32:41+00:00\",\"dateModified\":\"2020-12-30T14:05:19+00:00\",\"breadcrumb\":{\"@id\":\"https:\\\/\\\/blaskapelle-reelsen.de\\\/index.php\\\/historie\\\/#breadcrumb\"},\"inLanguage\":\"de\",\"potentialAction\":[{\"@type\":\"ReadAction\",\"target\":[\"https:\\\/\\\/blaskapelle-reelsen.de\\\/index.php\\\/historie\\\/\"]}]},{\"@type\":\"BreadcrumbList\",\"@id\":\"https:\\\/\\\/blaskapelle-reelsen.de\\\/index.php\\\/historie\\\/#breadcrumb\",\"itemListElement\":[{\"@type\":\"ListItem\",\"position\":1,\"name\":\"Home\",\"item\":\"https:\\\/\\\/blaskapelle-reelsen.de\\\/\"},{\"@type\":\"ListItem\",\"position\":2,\"name\":\"Historie\"}]},{\"@type\":\"WebSite\",\"@id\":\"https:\\\/\\\/blaskapelle-reelsen.de\\\/#website\",\"url\":\"https:\\\/\\\/blaskapelle-reelsen.de\\\/\",\"name\":\"Blaskapelle Reelsen e.V.\",\"description\":\"wir l(i)eben Blasmusik - seit 1975\",\"publisher\":{\"@id\":\"https:\\\/\\\/blaskapelle-reelsen.de\\\/#organization\"},\"potentialAction\":[{\"@type\":\"SearchAction\",\"target\":{\"@type\":\"EntryPoint\",\"urlTemplate\":\"https:\\\/\\\/blaskapelle-reelsen.de\\\/?s={search_term_string}\"},\"query-input\":{\"@type\":\"PropertyValueSpecification\",\"valueRequired\":true,\"valueName\":\"search_term_string\"}}],\"inLanguage\":\"de\"},{\"@type\":\"Organization\",\"@id\":\"https:\\\/\\\/blaskapelle-reelsen.de\\\/#organization\",\"name\":\"Blaskapelle Reelsen e.V.\",\"url\":\"https:\\\/\\\/blaskapelle-reelsen.de\\\/\",\"logo\":{\"@type\":\"ImageObject\",\"inLanguage\":\"de\",\"@id\":\"https:\\\/\\\/blaskapelle-reelsen.de\\\/#\\\/schema\\\/logo\\\/image\\\/\",\"url\":\"https:\\\/\\\/blaskapelle-reelsen.de\\\/wordpress\\\/wp-content\\\/uploads\\\/2025\\\/03\\\/cropped-wappen-final.png\",\"contentUrl\":\"https:\\\/\\\/blaskapelle-reelsen.de\\\/wordpress\\\/wp-content\\\/uploads\\\/2025\\\/03\\\/cropped-wappen-final.png\",\"width\":184,\"height\":250,\"caption\":\"Blaskapelle Reelsen e.V.\"},\"image\":{\"@id\":\"https:\\\/\\\/blaskapelle-reelsen.de\\\/#\\\/schema\\\/logo\\\/image\\\/\"}}]}<\/script>\n<!-- \/ Yoast SEO plugin. -->","yoast_head_json":{"title":"Historie - Blaskapelle Reelsen e.V.","robots":{"index":"index","follow":"follow","max-snippet":"max-snippet:-1","max-image-preview":"max-image-preview:large","max-video-preview":"max-video-preview:-1"},"canonical":"https:\/\/blaskapelle-reelsen.de\/index.php\/historie\/","og_locale":"de_DE","og_type":"article","og_title":"Historie - Blaskapelle Reelsen e.V.","og_description":"Historie der Blaskapelle Reelsen Wie jeder Verein ist auch die Blaskapelle Reelsen aus einer Historie heraus gewachsen. Entscheidend f\u00fcr einen Verein sind die Menschen, die sich in ihm engangieren und wohlf\u00fchlen. So ist auch die Blaskapelle Reelsen gepr\u00e4gt von einer Gr\u00fcndungsidee und 12 mutigen Leuten, die den Verein 1975 gegr\u00fcndet haben. Zahlreiche interessante und am\u00fcsante &hellip; \u201eHistorie\u201c weiterlesen","og_url":"https:\/\/blaskapelle-reelsen.de\/index.php\/historie\/","og_site_name":"Blaskapelle Reelsen e.V.","article_modified_time":"2020-12-30T14:05:19+00:00","twitter_card":"summary_large_image","twitter_misc":{"Gesch\u00e4tzte Lesezeit":"1\u00a0Minute"},"schema":{"@context":"https:\/\/schema.org","@graph":[{"@type":"WebPage","@id":"https:\/\/blaskapelle-reelsen.de\/index.php\/historie\/","url":"https:\/\/blaskapelle-reelsen.de\/index.php\/historie\/","name":"Historie - Blaskapelle Reelsen e.V.","isPartOf":{"@id":"https:\/\/blaskapelle-reelsen.de\/#website"},"datePublished":"2020-09-21T18:32:41+00:00","dateModified":"2020-12-30T14:05:19+00:00","breadcrumb":{"@id":"https:\/\/blaskapelle-reelsen.de\/index.php\/historie\/#breadcrumb"},"inLanguage":"de","potentialAction":[{"@type":"ReadAction","target":["https:\/\/blaskapelle-reelsen.de\/index.php\/historie\/"]}]},{"@type":"BreadcrumbList","@id":"https:\/\/blaskapelle-reelsen.de\/index.php\/historie\/#breadcrumb","itemListElement":[{"@type":"ListItem","position":1,"name":"Home","item":"https:\/\/blaskapelle-reelsen.de\/"},{"@type":"ListItem","position":2,"name":"Historie"}]},{"@type":"WebSite","@id":"https:\/\/blaskapelle-reelsen.de\/#website","url":"https:\/\/blaskapelle-reelsen.de\/","name":"Blaskapelle Reelsen e.V.","description":"wir l(i)eben Blasmusik - seit 1975","publisher":{"@id":"https:\/\/blaskapelle-reelsen.de\/#organization"},"potentialAction":[{"@type":"SearchAction","target":{"@type":"EntryPoint","urlTemplate":"https:\/\/blaskapelle-reelsen.de\/?s={search_term_string}"},"query-input":{"@type":"PropertyValueSpecification","valueRequired":true,"valueName":"search_term_string"}}],"inLanguage":"de"},{"@type":"Organization","@id":"https:\/\/blaskapelle-reelsen.de\/#organization","name":"Blaskapelle Reelsen e.V.","url":"https:\/\/blaskapelle-reelsen.de\/","logo":{"@type":"ImageObject","inLanguage":"de","@id":"https:\/\/blaskapelle-reelsen.de\/#\/schema\/logo\/image\/","url":"https:\/\/blaskapelle-reelsen.de\/wordpress\/wp-content\/uploads\/2025\/03\/cropped-wappen-final.png","contentUrl":"https:\/\/blaskapelle-reelsen.de\/wordpress\/wp-content\/uploads\/2025\/03\/cropped-wappen-final.png","width":184,"height":250,"caption":"Blaskapelle Reelsen e.V."},"image":{"@id":"https:\/\/blaskapelle-reelsen.de\/#\/schema\/logo\/image\/"}}]}},"_links":{"self":[{"href":"https:\/\/blaskapelle-reelsen.de\/index.php\/wp-json\/wp\/v2\/pages\/299","targetHints":{"allow":["GET"]}}],"collection":[{"href":"https:\/\/blaskapelle-reelsen.de\/index.php\/wp-json\/wp\/v2\/pages"}],"about":[{"href":"https:\/\/blaskapelle-reelsen.de\/index.php\/wp-json\/wp\/v2\/types\/page"}],"author":[{"embeddable":true,"href":"https:\/\/blaskapelle-reelsen.de\/index.php\/wp-json\/wp\/v2\/users\/1"}],"replies":[{"embeddable":true,"href":"https:\/\/blaskapelle-reelsen.de\/index.php\/wp-json\/wp\/v2\/comments?post=299"}],"version-history":[{"count":7,"href":"https:\/\/blaskapelle-reelsen.de\/index.php\/wp-json\/wp\/v2\/pages\/299\/revisions"}],"predecessor-version":[{"id":388,"href":"https:\/\/blaskapelle-reelsen.de\/index.php\/wp-json\/wp\/v2\/pages\/299\/revisions\/388"}],"wp:attachment":[{"href":"https:\/\/blaskapelle-reelsen.de\/index.php\/wp-json\/wp\/v2\/media?parent=299"}],"curies":[{"name":"wp","href":"https:\/\/api.w.org\/{rel}","templated":true}]}}

<figure class="wp-block-pullquote"><blockquote><p>Historie der Blaskapelle Reelsen</p></blockquote></figure>



<p></p>



<p>Wie jeder Verein ist auch die Blaskapelle Reelsen aus einer Historie heraus gewachsen.</p>



<p>Entscheidend für einen Verein sind die Menschen, die sich in ihm engangieren und wohlfühlen.</p>



<p>So ist auch die Blaskapelle Reelsen geprägt von einer Gründungsidee und 12 mutigen Leuten, die den Verein 1975 gegründet haben. Zahlreiche interessante und amüsante Informationen dazu haben wir in der <a href="https://blaskapelle-reelsen.de/index.php/vereinshistorie/">Vereinshistorie </a>zusammengetragen.</p>



<p>Entscheidend für einen Verein sind neben engangierten Mitgliedern und tatkräftigen <a href="https://blaskapelle-reelsen.de/index.php/vorstaende/">Vorständen </a>die <a href="https://blaskapelle-reelsen.de/index.php/dirigentinnen-und-dirigenten/">Dirigentinnen und Dirigenten,</a> die den Zweck des Vereins, gute Musik zu machen und Menschen damit zu erfreuen, vorangetrieben haben und immer noch prägen.</p>



<p>Nicht vergessen wollen wir unsere <a href="https://blaskapelle-reelsen.de/index.php/verstorbene/">verstorbenen Mitglieder</a>, die stets Einsatz für diesen Verein gezeigt haben und deren Andenken wir ehren.</p>

<p>Historie der Blaskapelle Reelsen Wie jeder Verein ist auch die Blaskapelle Reelsen aus einer Historie heraus gewachsen. Entscheidend für einen Verein sind die Menschen, die sich in ihm engangieren und wohlfühlen. So ist auch die Blaskapelle Reelsen geprägt von einer Gründungsidee und 12 mutigen Leuten, die den Verein 1975 gegründet haben. Zahlreiche interessante und amüsante &hellip; </p>
<p class="link-more"><a href="https://blaskapelle-reelsen.de/index.php/historie/" class="more-link"><span class="screen-reader-text">„Historie“ </span>weiterlesen</a></p>

<!-- This site is optimized with the Yoast SEO plugin v27.5 - https://yoast.com/product/yoast-seo-wordpress/ -->
<title>Historie - Blaskapelle Reelsen e.V.</title>
<meta name="robots" content="index, follow, max-snippet:-1, max-image-preview:large, max-video-preview:-1" />
<link rel="canonical" href="https://blaskapelle-reelsen.de/index.php/historie/" />
<meta property="og:locale" content="de_DE" />
<meta property="og:type" content="article" />
<meta property="og:title" content="Historie - Blaskapelle Reelsen e.V." />
<meta property="og:description" content="Historie der Blaskapelle Reelsen Wie jeder Verein ist auch die Blaskapelle Reelsen aus einer Historie heraus gewachsen. Entscheidend für einen Verein sind die Menschen, die sich in ihm engangieren und wohlfühlen. So ist auch die Blaskapelle Reelsen geprägt von einer Gründungsidee und 12 mutigen Leuten, die den Verein 1975 gegründet haben. Zahlreiche interessante und amüsante &hellip; „Historie“ weiterlesen" />
<meta property="og:url" content="https://blaskapelle-reelsen.de/index.php/historie/" />
<meta property="og:site_name" content="Blaskapelle Reelsen e.V." />
<meta property="article:modified_time" content="2020-12-30T14:05:19+00:00" />
<meta name="twitter:card" content="summary_large_image" />
<meta name="twitter:label1" content="Geschätzte Lesezeit" />
	<meta name="twitter:data1" content="1 Minute" />
<script type="application/ld+json" class="yoast-schema-graph">{"@context":"https:\/\/schema.org","@graph":[{"@type":"WebPage","@id":"https:\/\/blaskapelle-reelsen.de\/index.php\/historie\/","url":"https:\/\/blaskapelle-reelsen.de\/index.php\/historie\/","name":"Historie - Blaskapelle Reelsen e.V.","isPartOf":{"@id":"https:\/\/blaskapelle-reelsen.de\/#website"},"datePublished":"2020-09-21T18:32:41+00:00","dateModified":"2020-12-30T14:05:19+00:00","breadcrumb":{"@id":"https:\/\/blaskapelle-reelsen.de\/index.php\/historie\/#breadcrumb"},"inLanguage":"de","potentialAction":[{"@type":"ReadAction","target":["https:\/\/blaskapelle-reelsen.de\/index.php\/historie\/"]}]},{"@type":"BreadcrumbList","@id":"https:\/\/blaskapelle-reelsen.de\/index.php\/historie\/#breadcrumb","itemListElement":[{"@type":"ListItem","position":1,"name":"Home","item":"https:\/\/blaskapelle-reelsen.de\/"},{"@type":"ListItem","position":2,"name":"Historie"}]},{"@type":"WebSite","@id":"https:\/\/blaskapelle-reelsen.de\/#website","url":"https:\/\/blaskapelle-reelsen.de\/","name":"Blaskapelle Reelsen e.V.","description":"wir l(i)eben Blasmusik - seit 1975","publisher":{"@id":"https:\/\/blaskapelle-reelsen.de\/#organization"},"potentialAction":[{"@type":"SearchAction","target":{"@type":"EntryPoint","urlTemplate":"https:\/\/blaskapelle-reelsen.de\/?s={search_term_string}"},"query-input":{"@type":"PropertyValueSpecification","valueRequired":true,"valueName":"search_term_string"}}],"inLanguage":"de"},{"@type":"Organization","@id":"https:\/\/blaskapelle-reelsen.de\/#organization","name":"Blaskapelle Reelsen e.V.","url":"https:\/\/blaskapelle-reelsen.de\/","logo":{"@type":"ImageObject","inLanguage":"de","@id":"https:\/\/blaskapelle-reelsen.de\/#\/schema\/logo\/image\/","url":"https:\/\/blaskapelle-reelsen.de\/wordpress\/wp-content\/uploads\/2025\/03\/cropped-wappen-final.png","contentUrl":"https:\/\/blaskapelle-reelsen.de\/wordpress\/wp-content\/uploads\/2025\/03\/cropped-wappen-final.png","width":184,"height":250,"caption":"Blaskapelle Reelsen e.V."},"image":{"@id":"https:\/\/blaskapelle-reelsen.de\/#\/schema\/logo\/image\/"}}]}</script>
<!-- / Yoast SEO plugin. -->

Historie der Blaskapelle Reelsen Wie jeder Verein ist auch die Blaskapelle Reelsen aus einer Historie heraus gewachsen. Entscheidend für einen Verein sind die Menschen, die sich in ihm engangieren und wohlfühlen. So ist auch die Blaskapelle Reelsen geprägt von einer Gründungsidee und 12 mutigen Leuten, die den Verein 1975 gegründet haben. Zahlreiche interessante und amüsante &hellip; „Historie“ weiterlesen
