{"id":175,"date":"2020-09-20T09:56:07","date_gmt":"2020-09-20T09:56:07","guid":{"rendered":"http:\/\/blaskapelle-reelsen.de\/?page_id=175"},"modified":"2025-03-08T19:13:22","modified_gmt":"2025-03-08T18:13:22","slug":"verstorbene","status":"publish","type":"page","link":"https:\/\/blaskapelle-reelsen.de\/index.php\/verstorbene\/","title":{"rendered":"Verstorbene"},"content":{"rendered":"\n<figure class=\"wp-block-pullquote\"><blockquote><p>Wir gedenken unserer verstorbenen Vereinsmitglieder<\/p><\/blockquote><\/figure>\n\n\n\n<figure class=\"wp-block-table is-style-stripes\"><table><tbody><tr><td>Gabriele Beumling<\/td><td>+ 07.02.2025<\/td><\/tr><tr><td>Karl-Heinz Rieckmann<br> &#8211; Vereinsgr\u00fcnder<\/td><td>+ 19.08.2020<\/td><\/tr><tr><td>Franz-Josef Sch\u00e4fers<br> &#8211; Vereinsgr\u00fcnder<\/td><td>+ 01.11.2013<\/td><\/tr><tr><td>Josef Beumling<\/td><td>+ 13.02.2013<\/td><\/tr><tr><td>Konrad Mertens<\/td><td>+ 11.02.2007<\/td><\/tr><tr><td>Uwe Gruhlke<\/td><td>+ 23.08.2001<\/td><\/tr><tr><td>Heinrich St\u00f6ver<\/td><td>+ 15.08.1999<\/td><\/tr><tr><td>Johannes Gelhaus<\/td><td>+ 09.07.1998<\/td><\/tr><tr><td>Heinz Ussatis<\/td><td>+ 31.07.1997<\/td><\/tr><tr><td>Gustav Lewerenz<\/td><td>+ 01.01.1995<\/td><\/tr><tr><td>Konrad Klute<\/td><td>+ 01.11.1990<\/td><\/tr><tr><td>Anton Gemmeke<\/td><td>+ 28.07.1990<\/td><\/tr><\/tbody><\/table><\/figure>\n","protected":false},"excerpt":{"rendered":"<p>Wir gedenken unserer verstorbenen Vereinsmitglieder Gabriele Beumling + 07.02.2025 Karl-Heinz Rieckmann &#8211; Vereinsgr\u00fcnder + 19.08.2020 Franz-Josef Sch\u00e4fers &#8211; Vereinsgr\u00fcnder + 01.11.2013 Josef Beumling + 13.02.2013 Konrad Mertens + 11.02.2007 Uwe Gruhlke + 23.08.2001 Heinrich St\u00f6ver + 15.08.1999 Johannes Gelhaus + 09.07.1998 Heinz Ussatis + 31.07.1997 Gustav Lewerenz + 01.01.1995 Konrad Klute + 01.11.1990 Anton Gemmeke &hellip; <\/p>\n<p class=\"link-more\"><a href=\"https:\/\/blaskapelle-reelsen.de\/index.php\/verstorbene\/\" class=\"more-link\"><span class=\"screen-reader-text\">\u201eVerstorbene\u201c <\/span>weiterlesen<\/a><\/p>\n","protected":false},"author":1,"featured_media":0,"parent":0,"menu_order":0,"comment_status":"closed","ping_status":"closed","template":"","meta":{"footnotes":""},"class_list":["post-175","page","type-page","status-publish","hentry"],"yoast_head":"<!-- This site is optimized with the Yoast SEO plugin v27.5 - https:\/\/yoast.com\/product\/yoast-seo-wordpress\/ -->\n<title>Verstorbene - Blaskapelle Reelsen e.V.<\/title>\n<meta name=\"robots\" content=\"index, follow, max-snippet:-1, max-image-preview:large, max-video-preview:-1\" \/>\n<link rel=\"canonical\" href=\"https:\/\/blaskapelle-reelsen.de\/index.php\/verstorbene\/\" \/>\n<meta property=\"og:locale\" content=\"de_DE\" \/>\n<meta property=\"og:type\" content=\"article\" \/>\n<meta property=\"og:title\" content=\"Verstorbene - Blaskapelle Reelsen e.V.\" \/>\n<meta property=\"og:description\" content=\"Wir gedenken unserer verstorbenen Vereinsmitglieder Gabriele Beumling + 07.02.2025 Karl-Heinz Rieckmann &#8211; Vereinsgr\u00fcnder + 19.08.2020 Franz-Josef Sch\u00e4fers &#8211; Vereinsgr\u00fcnder + 01.11.2013 Josef Beumling + 13.02.2013 Konrad Mertens + 11.02.2007 Uwe Gruhlke + 23.08.2001 Heinrich St\u00f6ver + 15.08.1999 Johannes Gelhaus + 09.07.1998 Heinz Ussatis + 31.07.1997 Gustav Lewerenz + 01.01.1995 Konrad Klute + 01.11.1990 Anton Gemmeke &hellip; \u201eVerstorbene\u201c weiterlesen\" \/>\n<meta property=\"og:url\" content=\"https:\/\/blaskapelle-reelsen.de\/index.php\/verstorbene\/\" \/>\n<meta property=\"og:site_name\" content=\"Blaskapelle Reelsen e.V.\" \/>\n<meta property=\"article:modified_time\" content=\"2025-03-08T18:13:22+00:00\" \/>\n<meta name=\"twitter:card\" content=\"summary_large_image\" \/>\n<meta name=\"twitter:label1\" content=\"Gesch\u00e4tzte Lesezeit\" \/>\n\t<meta name=\"twitter:data1\" content=\"1\u00a0Minute\" \/>\n<script type=\"application\/ld+json\" class=\"yoast-schema-graph\">{\"@context\":\"https:\\\/\\\/schema.org\",\"@graph\":[{\"@type\":\"WebPage\",\"@id\":\"https:\\\/\\\/blaskapelle-reelsen.de\\\/index.php\\\/verstorbene\\\/\",\"url\":\"https:\\\/\\\/blaskapelle-reelsen.de\\\/index.php\\\/verstorbene\\\/\",\"name\":\"Verstorbene - Blaskapelle Reelsen e.V.\",\"isPartOf\":{\"@id\":\"https:\\\/\\\/blaskapelle-reelsen.de\\\/#website\"},\"datePublished\":\"2020-09-20T09:56:07+00:00\",\"dateModified\":\"2025-03-08T18:13:22+00:00\",\"breadcrumb\":{\"@id\":\"https:\\\/\\\/blaskapelle-reelsen.de\\\/index.php\\\/verstorbene\\\/#breadcrumb\"},\"inLanguage\":\"de\",\"potentialAction\":[{\"@type\":\"ReadAction\",\"target\":[\"https:\\\/\\\/blaskapelle-reelsen.de\\\/index.php\\\/verstorbene\\\/\"]}]},{\"@type\":\"BreadcrumbList\",\"@id\":\"https:\\\/\\\/blaskapelle-reelsen.de\\\/index.php\\\/verstorbene\\\/#breadcrumb\",\"itemListElement\":[{\"@type\":\"ListItem\",\"position\":1,\"name\":\"Home\",\"item\":\"https:\\\/\\\/blaskapelle-reelsen.de\\\/\"},{\"@type\":\"ListItem\",\"position\":2,\"name\":\"Verstorbene\"}]},{\"@type\":\"WebSite\",\"@id\":\"https:\\\/\\\/blaskapelle-reelsen.de\\\/#website\",\"url\":\"https:\\\/\\\/blaskapelle-reelsen.de\\\/\",\"name\":\"Blaskapelle Reelsen e.V.\",\"description\":\"wir l(i)eben Blasmusik - seit 1975\",\"publisher\":{\"@id\":\"https:\\\/\\\/blaskapelle-reelsen.de\\\/#organization\"},\"potentialAction\":[{\"@type\":\"SearchAction\",\"target\":{\"@type\":\"EntryPoint\",\"urlTemplate\":\"https:\\\/\\\/blaskapelle-reelsen.de\\\/?s={search_term_string}\"},\"query-input\":{\"@type\":\"PropertyValueSpecification\",\"valueRequired\":true,\"valueName\":\"search_term_string\"}}],\"inLanguage\":\"de\"},{\"@type\":\"Organization\",\"@id\":\"https:\\\/\\\/blaskapelle-reelsen.de\\\/#organization\",\"name\":\"Blaskapelle Reelsen e.V.\",\"url\":\"https:\\\/\\\/blaskapelle-reelsen.de\\\/\",\"logo\":{\"@type\":\"ImageObject\",\"inLanguage\":\"de\",\"@id\":\"https:\\\/\\\/blaskapelle-reelsen.de\\\/#\\\/schema\\\/logo\\\/image\\\/\",\"url\":\"https:\\\/\\\/blaskapelle-reelsen.de\\\/wordpress\\\/wp-content\\\/uploads\\\/2025\\\/03\\\/cropped-wappen-final.png\",\"contentUrl\":\"https:\\\/\\\/blaskapelle-reelsen.de\\\/wordpress\\\/wp-content\\\/uploads\\\/2025\\\/03\\\/cropped-wappen-final.png\",\"width\":184,\"height\":250,\"caption\":\"Blaskapelle Reelsen e.V.\"},\"image\":{\"@id\":\"https:\\\/\\\/blaskapelle-reelsen.de\\\/#\\\/schema\\\/logo\\\/image\\\/\"}}]}<\/script>\n<!-- \/ Yoast SEO plugin. -->","yoast_head_json":{"title":"Verstorbene - Blaskapelle Reelsen e.V.","robots":{"index":"index","follow":"follow","max-snippet":"max-snippet:-1","max-image-preview":"max-image-preview:large","max-video-preview":"max-video-preview:-1"},"canonical":"https:\/\/blaskapelle-reelsen.de\/index.php\/verstorbene\/","og_locale":"de_DE","og_type":"article","og_title":"Verstorbene - Blaskapelle Reelsen e.V.","og_description":"Wir gedenken unserer verstorbenen Vereinsmitglieder Gabriele Beumling + 07.02.2025 Karl-Heinz Rieckmann &#8211; Vereinsgr\u00fcnder + 19.08.2020 Franz-Josef Sch\u00e4fers &#8211; Vereinsgr\u00fcnder + 01.11.2013 Josef Beumling + 13.02.2013 Konrad Mertens + 11.02.2007 Uwe Gruhlke + 23.08.2001 Heinrich St\u00f6ver + 15.08.1999 Johannes Gelhaus + 09.07.1998 Heinz Ussatis + 31.07.1997 Gustav Lewerenz + 01.01.1995 Konrad Klute + 01.11.1990 Anton Gemmeke &hellip; \u201eVerstorbene\u201c weiterlesen","og_url":"https:\/\/blaskapelle-reelsen.de\/index.php\/verstorbene\/","og_site_name":"Blaskapelle Reelsen e.V.","article_modified_time":"2025-03-08T18:13:22+00:00","twitter_card":"summary_large_image","twitter_misc":{"Gesch\u00e4tzte Lesezeit":"1\u00a0Minute"},"schema":{"@context":"https:\/\/schema.org","@graph":[{"@type":"WebPage","@id":"https:\/\/blaskapelle-reelsen.de\/index.php\/verstorbene\/","url":"https:\/\/blaskapelle-reelsen.de\/index.php\/verstorbene\/","name":"Verstorbene - Blaskapelle Reelsen e.V.","isPartOf":{"@id":"https:\/\/blaskapelle-reelsen.de\/#website"},"datePublished":"2020-09-20T09:56:07+00:00","dateModified":"2025-03-08T18:13:22+00:00","breadcrumb":{"@id":"https:\/\/blaskapelle-reelsen.de\/index.php\/verstorbene\/#breadcrumb"},"inLanguage":"de","potentialAction":[{"@type":"ReadAction","target":["https:\/\/blaskapelle-reelsen.de\/index.php\/verstorbene\/"]}]},{"@type":"BreadcrumbList","@id":"https:\/\/blaskapelle-reelsen.de\/index.php\/verstorbene\/#breadcrumb","itemListElement":[{"@type":"ListItem","position":1,"name":"Home","item":"https:\/\/blaskapelle-reelsen.de\/"},{"@type":"ListItem","position":2,"name":"Verstorbene"}]},{"@type":"WebSite","@id":"https:\/\/blaskapelle-reelsen.de\/#website","url":"https:\/\/blaskapelle-reelsen.de\/","name":"Blaskapelle Reelsen e.V.","description":"wir l(i)eben Blasmusik - seit 1975","publisher":{"@id":"https:\/\/blaskapelle-reelsen.de\/#organization"},"potentialAction":[{"@type":"SearchAction","target":{"@type":"EntryPoint","urlTemplate":"https:\/\/blaskapelle-reelsen.de\/?s={search_term_string}"},"query-input":{"@type":"PropertyValueSpecification","valueRequired":true,"valueName":"search_term_string"}}],"inLanguage":"de"},{"@type":"Organization","@id":"https:\/\/blaskapelle-reelsen.de\/#organization","name":"Blaskapelle Reelsen e.V.","url":"https:\/\/blaskapelle-reelsen.de\/","logo":{"@type":"ImageObject","inLanguage":"de","@id":"https:\/\/blaskapelle-reelsen.de\/#\/schema\/logo\/image\/","url":"https:\/\/blaskapelle-reelsen.de\/wordpress\/wp-content\/uploads\/2025\/03\/cropped-wappen-final.png","contentUrl":"https:\/\/blaskapelle-reelsen.de\/wordpress\/wp-content\/uploads\/2025\/03\/cropped-wappen-final.png","width":184,"height":250,"caption":"Blaskapelle Reelsen e.V."},"image":{"@id":"https:\/\/blaskapelle-reelsen.de\/#\/schema\/logo\/image\/"}}]}},"_links":{"self":[{"href":"https:\/\/blaskapelle-reelsen.de\/index.php\/wp-json\/wp\/v2\/pages\/175","targetHints":{"allow":["GET"]}}],"collection":[{"href":"https:\/\/blaskapelle-reelsen.de\/index.php\/wp-json\/wp\/v2\/pages"}],"about":[{"href":"https:\/\/blaskapelle-reelsen.de\/index.php\/wp-json\/wp\/v2\/types\/page"}],"author":[{"embeddable":true,"href":"https:\/\/blaskapelle-reelsen.de\/index.php\/wp-json\/wp\/v2\/users\/1"}],"replies":[{"embeddable":true,"href":"https:\/\/blaskapelle-reelsen.de\/index.php\/wp-json\/wp\/v2\/comments?post=175"}],"version-history":[{"count":7,"href":"https:\/\/blaskapelle-reelsen.de\/index.php\/wp-json\/wp\/v2\/pages\/175\/revisions"}],"predecessor-version":[{"id":1852,"href":"https:\/\/blaskapelle-reelsen.de\/index.php\/wp-json\/wp\/v2\/pages\/175\/revisions\/1852"}],"wp:attachment":[{"href":"https:\/\/blaskapelle-reelsen.de\/index.php\/wp-json\/wp\/v2\/media?parent=175"}],"curies":[{"name":"wp","href":"https:\/\/api.w.org\/{rel}","templated":true}]}}

<figure class="wp-block-pullquote"><blockquote><p>Wir gedenken unserer verstorbenen Vereinsmitglieder</p></blockquote></figure>



<figure class="wp-block-table is-style-stripes"><table><tbody><tr><td>Gabriele Beumling</td><td>+ 07.02.2025</td></tr><tr><td>Karl-Heinz Rieckmann<br> &#8211; Vereinsgründer</td><td>+ 19.08.2020</td></tr><tr><td>Franz-Josef Schäfers<br> &#8211; Vereinsgründer</td><td>+ 01.11.2013</td></tr><tr><td>Josef Beumling</td><td>+ 13.02.2013</td></tr><tr><td>Konrad Mertens</td><td>+ 11.02.2007</td></tr><tr><td>Uwe Gruhlke</td><td>+ 23.08.2001</td></tr><tr><td>Heinrich Stöver</td><td>+ 15.08.1999</td></tr><tr><td>Johannes Gelhaus</td><td>+ 09.07.1998</td></tr><tr><td>Heinz Ussatis</td><td>+ 31.07.1997</td></tr><tr><td>Gustav Lewerenz</td><td>+ 01.01.1995</td></tr><tr><td>Konrad Klute</td><td>+ 01.11.1990</td></tr><tr><td>Anton Gemmeke</td><td>+ 28.07.1990</td></tr></tbody></table></figure>

<p>Wir gedenken unserer verstorbenen Vereinsmitglieder Gabriele Beumling + 07.02.2025 Karl-Heinz Rieckmann &#8211; Vereinsgründer + 19.08.2020 Franz-Josef Schäfers &#8211; Vereinsgründer + 01.11.2013 Josef Beumling + 13.02.2013 Konrad Mertens + 11.02.2007 Uwe Gruhlke + 23.08.2001 Heinrich Stöver + 15.08.1999 Johannes Gelhaus + 09.07.1998 Heinz Ussatis + 31.07.1997 Gustav Lewerenz + 01.01.1995 Konrad Klute + 01.11.1990 Anton Gemmeke &hellip; </p>
<p class="link-more"><a href="https://blaskapelle-reelsen.de/index.php/verstorbene/" class="more-link"><span class="screen-reader-text">„Verstorbene“ </span>weiterlesen</a></p>

<!-- This site is optimized with the Yoast SEO plugin v27.5 - https://yoast.com/product/yoast-seo-wordpress/ -->
<title>Verstorbene - Blaskapelle Reelsen e.V.</title>
<meta name="robots" content="index, follow, max-snippet:-1, max-image-preview:large, max-video-preview:-1" />
<link rel="canonical" href="https://blaskapelle-reelsen.de/index.php/verstorbene/" />
<meta property="og:locale" content="de_DE" />
<meta property="og:type" content="article" />
<meta property="og:title" content="Verstorbene - Blaskapelle Reelsen e.V." />
<meta property="og:description" content="Wir gedenken unserer verstorbenen Vereinsmitglieder Gabriele Beumling + 07.02.2025 Karl-Heinz Rieckmann &#8211; Vereinsgründer + 19.08.2020 Franz-Josef Schäfers &#8211; Vereinsgründer + 01.11.2013 Josef Beumling + 13.02.2013 Konrad Mertens + 11.02.2007 Uwe Gruhlke + 23.08.2001 Heinrich Stöver + 15.08.1999 Johannes Gelhaus + 09.07.1998 Heinz Ussatis + 31.07.1997 Gustav Lewerenz + 01.01.1995 Konrad Klute + 01.11.1990 Anton Gemmeke &hellip; „Verstorbene“ weiterlesen" />
<meta property="og:url" content="https://blaskapelle-reelsen.de/index.php/verstorbene/" />
<meta property="og:site_name" content="Blaskapelle Reelsen e.V." />
<meta property="article:modified_time" content="2025-03-08T18:13:22+00:00" />
<meta name="twitter:card" content="summary_large_image" />
<meta name="twitter:label1" content="Geschätzte Lesezeit" />
	<meta name="twitter:data1" content="1 Minute" />
<script type="application/ld+json" class="yoast-schema-graph">{"@context":"https:\/\/schema.org","@graph":[{"@type":"WebPage","@id":"https:\/\/blaskapelle-reelsen.de\/index.php\/verstorbene\/","url":"https:\/\/blaskapelle-reelsen.de\/index.php\/verstorbene\/","name":"Verstorbene - Blaskapelle Reelsen e.V.","isPartOf":{"@id":"https:\/\/blaskapelle-reelsen.de\/#website"},"datePublished":"2020-09-20T09:56:07+00:00","dateModified":"2025-03-08T18:13:22+00:00","breadcrumb":{"@id":"https:\/\/blaskapelle-reelsen.de\/index.php\/verstorbene\/#breadcrumb"},"inLanguage":"de","potentialAction":[{"@type":"ReadAction","target":["https:\/\/blaskapelle-reelsen.de\/index.php\/verstorbene\/"]}]},{"@type":"BreadcrumbList","@id":"https:\/\/blaskapelle-reelsen.de\/index.php\/verstorbene\/#breadcrumb","itemListElement":[{"@type":"ListItem","position":1,"name":"Home","item":"https:\/\/blaskapelle-reelsen.de\/"},{"@type":"ListItem","position":2,"name":"Verstorbene"}]},{"@type":"WebSite","@id":"https:\/\/blaskapelle-reelsen.de\/#website","url":"https:\/\/blaskapelle-reelsen.de\/","name":"Blaskapelle Reelsen e.V.","description":"wir l(i)eben Blasmusik - seit 1975","publisher":{"@id":"https:\/\/blaskapelle-reelsen.de\/#organization"},"potentialAction":[{"@type":"SearchAction","target":{"@type":"EntryPoint","urlTemplate":"https:\/\/blaskapelle-reelsen.de\/?s={search_term_string}"},"query-input":{"@type":"PropertyValueSpecification","valueRequired":true,"valueName":"search_term_string"}}],"inLanguage":"de"},{"@type":"Organization","@id":"https:\/\/blaskapelle-reelsen.de\/#organization","name":"Blaskapelle Reelsen e.V.","url":"https:\/\/blaskapelle-reelsen.de\/","logo":{"@type":"ImageObject","inLanguage":"de","@id":"https:\/\/blaskapelle-reelsen.de\/#\/schema\/logo\/image\/","url":"https:\/\/blaskapelle-reelsen.de\/wordpress\/wp-content\/uploads\/2025\/03\/cropped-wappen-final.png","contentUrl":"https:\/\/blaskapelle-reelsen.de\/wordpress\/wp-content\/uploads\/2025\/03\/cropped-wappen-final.png","width":184,"height":250,"caption":"Blaskapelle Reelsen e.V."},"image":{"@id":"https:\/\/blaskapelle-reelsen.de\/#\/schema\/logo\/image\/"}}]}</script>
<!-- / Yoast SEO plugin. -->

Wir gedenken unserer verstorbenen Vereinsmitglieder Gabriele Beumling + 07.02.2025 Karl-Heinz Rieckmann &#8211; Vereinsgründer + 19.08.2020 Franz-Josef Schäfers &#8211; Vereinsgründer + 01.11.2013 Josef Beumling + 13.02.2013 Konrad Mertens + 11.02.2007 Uwe Gruhlke + 23.08.2001 Heinrich Stöver + 15.08.1999 Johannes Gelhaus + 09.07.1998 Heinz Ussatis + 31.07.1997 Gustav Lewerenz + 01.01.1995 Konrad Klute + 01.11.1990 Anton Gemmeke &hellip; „Verstorbene“ weiterlesen
